 14 = -3*q - 2*q, i = 2*q + 5. Let p(u) = 261*u - 11. Let m(w) = w. Let s(d) = m(d) - p(d). Is s(i) composite?
True
Suppose 4*a + 39 = a. Let p(i) = i**2 + 11*i - 21. Let r be p(a). Suppose -5*q - 1950 = -5*n, -n + 787 = n + r*q. Is n a composite number?
True
Let c be 10/(-8) + (-1)/(-4). Let l(b) be the third derivative of -13*b**6/60 - b**5/60 + b**3/6 - b**2 - 61*b. Is l(c) composite?
True
Is 16*9/36 - 6543/(-1) prime?
True
Let g(u) = -3*u - 141. Let a be g(-48). Suppose -5*i + 63794 = a*c, 4*c + 12745 = i - 0*c. Is i a prime number?
True
Let n(m) = m**3 - m**2 - 2*m. Let w = -7 + 5. Let c be n(w). Let t(d) = -149*d - 5. Is t(c) composite?
False
Suppose 1924 = -d - 3*d. Let a be (10/(-6) - 52/39) + d. Let y = -105 - a. Is y prime?
True
Suppose 0*t - 2 = -t + 2*v, 4*t - 36 = v. Is 1/t - 124587/(-30) a prime number?
True
Let d = -2433882 + 3489129. Is d composite?
True
Is 12/(-16) - ((-589140)/40 + (-3)/(-4)) composite?
True
Suppose 0 = -94*l + 97*l + 162. Let z = 56 + l. Suppose 5*r - z*t - 311 = 4*r, 3*t = 2*r - 627. Is r composite?
True
Let h be (-575 + -4)/(2/(-2)). Suppose -35*y + 9048 = -22*y. Suppose -y = -4*w + 5*q, -4*w + 4*q = -h - 121. Is w a prime number?
True
Is (99/(-88) - -1)*-119128 prime?
True
Let o be 5016/4 - (1 - 2). Suppose 2*p + 5*v = -o, 2*p - 2*v + 4*v + 1270 = 0. Let c = p - -1281. Is c composite?
False
Is (-525146)/(-16) + (-1137)/(-3032) a prime number?
False
Is 85573 + (8/(-12) - (-8)/12) prime?
False
Let m be 8/10*40*18/3. Let i be (2 - -87)/(3/15). Let o = i - m. Is o prime?
False
Let q(o) = -o**3 + 9*o**2 - 16*o + 14. Let v be q(7). Let b be (1266 - (v + 2))*-5. Let n = 10949 + b. Is n composite?
True
Let m = 607135 - 311582. Is m prime?
True
Let r(f) = 37*f + 6. Let m(d) = -36*d - 5. Let c(n) = n + 7. Let k be c(-3). Let i(w) = k*r(w) + 5*m(w). Is i(-7) composite?
False
Let w(m) = 7*m**3 - m**2 + 1. Let r be w(1). Suppose 0 = -r*g - 2*g - 9. Is 4277 + g*4/(-12)*6 a prime number?
False
Let w = 40 - 36. Suppose -5*c = 5*n - 11025, 0 = -0*n - 2*n - w*c + 4402. Suppose 3*m = n - 676. Is m composite?
True
Let q(c) = -53*c**2 - 3*c + 3. Let p = 47 - 56. Let h(j) = 211*j**2 + 12*j - 12. Let l(o) = p*q(o) - 2*h(o). Is l(2) composite?
False
Suppose 124*o + 10368207 = 33595019. Is o composite?
True
Let g = -68 + 73. Let r = -1 + g. Suppose 21933 = -r*f + 13*f. Is f a composite number?
False
Let r(u) = 22*u + 17. Suppose -6 = -4*c - 3*l - 47, -5*l = 3*c + 39. Let s = c - -14. Is r(s) prime?
True
Let s be (-1 - 1) + 3 + -1. Suppose -2*a - 14 = -s*y - 4*y, 3*y = -2*a. Suppose 0 = 4*o + 4*g - 2088, y*o + 3*g - 524 = o. Is o a prime number?
True
Suppose -5*p = 25, -2*n + 4*p = -7448 - 13210. Is n composite?
True
Suppose -3*r - 3*s = 24, -r + 9 = -2*s + 5. Let w(a) = 732*a**2 - 2*a - 3. Is w(r) a composite number?
False
Is -322323*12/(216/(-6)) a composite number?
False
Is (-1*(-2)/6)/(159/5414427) a prime number?
True
Let w(l) be the second derivative of -23*l**5/20 - 5*l**4/6 + l**3/3 - 3*l**2 - 2*l. Suppose -m = -21 + 19 + 7. Is w(m) a composite number?
False
Is 300/(-180)*(-282102)/5 prime?
False
Suppose 30*v + 4*d = 28*v + 374698, -d - 936756 = -5*v. Is v a prime number?
False
Let c = 183603 + 864334. Is c a prime number?
False
Suppose 0 = 4*u - 4*r + 4, -3*u + r = 2*u + 13. Let n(h) = -h**2 - 6*h - 7. Let d be n(u). Suppose 7*q = 2*q, 74 = d*x + 2*q. Is x a prime number?
True
Let g = -39400 - -76673. Is g a composite number?
False
Let d(q) = -512*q + 31. Let t(h) = 171*h - 11. Let p(g) = -4*d(g) - 11*t(g). Is p(2) a composite number?
False
Let m(w) = 4169*w**3 + 22*w**2 - 50*w + 21. Is m(2) a composite number?
True
Let y = 924237 - 533434. Is y a prime number?
False
Suppose -5*u + 119047 = 2*z, 49*z - 52*z - 5*u = -178578. Is z prime?
False
Let c(k) = 9200*k + 241. Is c(3) composite?
True
Let z = 172 + -171. Suppose 4238 - 1062 = 2*a. Is (a/4 - -4)/z prime?
True
Let w be (-203)/28 - (18/(-8) - -2). Let i(a) = 15*a + 21. Let m be i(w). Let x = -10 - m. Is x a composite number?
True
Let x(h) = 15868*h + 49. Is x(3) prime?
True
Suppose -12*o - 31*o + 1118 = 0. Suppose -62334 = -o*t + 52040. Is t a composite number?
True
Suppose 45806629 - 9862221 = 8*c. Is c a composite number?
False
Let s = 39222 + 18581. Is s a prime number?
True
Suppose 7*g - 11 = 3. Suppose -12655 + 30807 = g*s. Suppose -15*k - s = -19*k. Is k a prime number?
True
Let w be 5*(3 + 0 + (-13842)/(-5)). Suppose -17*m + w = -39778. Is m a composite number?
True
Let c = -100 - -301. Let f be 3/12 + c/12. Suppose -f*k + 868 = -13*k. Is k prime?
False
Suppose -4129*u - 344290 = -4139*u. Is u composite?
False
Let s = -20 + 30. Suppose 0 = -8*h + s*h - 154. Is h a composite number?
True
Let y be 5 - (-2)/10*0. Suppose 3101 = v - 2*b, 2*b + 0*b = -y*v + 15541. Is v prime?
False
Let j = 32 - 76. Let f = -41 - j. Suppose -6365 = -3*d - d + f*g, -3163 = -2*d - 5*g. Is d prime?
False
Let x(g) = -5*g**3 + 4*g**2 - 9*g - 19. Let i be -4 - 0/(-4 + 8). Is x(i) prime?
True
Let u(v) = 16*v**2 - 37*v + 34. Suppose 3*o = 5*p - 114, -5*p - 5*o + 57 = -33. Is u(p) a composite number?
True
Let d = -11259 - -3352. Let b = d + 11884. Is b prime?
False
Suppose x - 6*g - 395 = -3*g, g = -x + 395. Suppose 2*d - x = -b, 2*d = -5*b - 0*d + 1983. Is b composite?
False
Let u(t) = 3*t**3 + 14*t**2 + 6*t - 7. Let f be u(-10). Let z = f - -3104. Is z prime?
False
Suppose 24*c - 19*c = 275. Let d = c + -52. Suppose -5*n - d*v = -2570, 4*v + 352 = n - 162. Is n composite?
True
Let q(t) be the first derivative of -155*t**4 - 4*t**3/3 + t**2/2 + 13*t - 4. Let w be q(6). Is w/(-55) + (-2)/11 prime?
True
Suppose -95 = -3*n - 122. Is -5 + 2586 + n + 7 a composite number?
False
Let k(h) = 95*h**2 - 13*h + 289. Is k(70) prime?
True
Let n(j) = 4*j**2 + 15*j - 45*j + 15*j + 16*j - j**3. Let x be n(4). Suppose -2*h + x*g = -22, -4*h = -4*g - 6 - 42. Is h a composite number?
False
Suppose 12*k + 1 = 13. Suppose -k = 3*a - 13. Is 284 - (3 + -9)/(a/2) a composite number?
True
Let m = -48 + 49. Suppose 8*r = -5*t + 4*r + 15089, -r = -m. Is t prime?
False
Let m(j) be the third derivative of 407*j**5/60 + 7*j**4/24 + 49*j**3/6 - 2*j**2 + 61. Is m(-8) a prime number?
True
Suppose 12 = 16*n - 12*n, 0 = -5*c - 5*n + 215. Suppose -42 - 31438 = -c*l. Is l a composite number?
False
Let r(h) = -4*h**3 - 12*h**2 - 11*h + 26. Is r(-7) composite?
False
Let x(j) = -3*j + 74. Let b be x(25). Is (-267178)/38*(b - 0) prime?
False
Let i(w) be the second derivative of 177*w**5/20 - w**4/3 + 5*w**3/6 - w**2/2 + w + 7. Is i(2) a composite number?
False
Suppose 4*v - 770 = -3*o, 0 = -43*o + 39*o - 8. Let c = 6 - 4. Suppose -c*g + v = 2*m, g - 39 = -3*m + 58. Is g a composite number?
False
Is 805300/84 - (3 + 650/(-210)) a prime number?
True
Let a(l) = 49*l**2 + 7*l - 47. Is a(15) a composite number?
False
Let y = -49262 + 74841. Is y composite?
False
Let g(i) = 5253*i**2 - 27*i + 79. Is g(5) a composite number?
True
Suppose -91476 = 4*u - 7*u. Suppose 45738 = 2*v + v - 5*r, 0 = 2*v + 2*r - u. Suppose 0 = -4*z + 2*g + v, 2*g + 5 = -5. Is z a composite number?
True
Suppose 685825 + 146937983 = 384*d. Is d composite?
False
Let r(p) = -6*p**3 - 2*p**2 + p + 1. Let a be ((-1)/(-2))/((-8)/16). Let k be r(a). Suppose k*c - 12 = 0, c - 1400 = -2*u - 171. Is u a prime number?
True
Is (-4186)/598*(2/(-4))/(3/2854326) a composite number?
True
Let k = 13 - 4. Suppose 8*x - 5*x - k = 0. Suppose x*n = 4*n - 127. Is n a prime number?
True
Let z be -3*(-8)/36 + (-4)/6. Suppose 3*a + 5*n + 4 = -z, a + 5*n + 8 = 0. Suppose -4650 = -4*j + a*j - 2*f, -4*j = 5*f - 9304. Is j composite?
True
Let c(g) = -139*g**3 - 14*g**2 + 30*g + 20. Is c(-13) composite?
False
Suppose 3*v - r + 2748 = 2*r, 0 = -2*r - 8. Let w = 2397 + v. Is w prime?
False
Let n = 18 - 18. Suppose 13*l - 9*l + 84 = n. Let b(x) = -x**3 - 20*x**2 + 19*x + 25. Is b(l) a composite number?
False
Suppose 3*k + 148347 + 182049 = 0. Let p = -74563 - k. Is p a prime number?
True
Let z(n) = 335*n**2 + n - 3. Let u be -4 + -1 + (0 - 0). Let t be z(u). Suppose 3*a - t = 3*h - 6*h, 0 = 2*a. Is h prime?
True
Suppose 217222 = -3*i + 4*i + 2*u, 1086154 = 5*i - u. Suppose -i = -10*f + 50780. Is f composite?
False
Let j(l) = 95*l**2 - 128*l - 349. Is j(-32) a prime number?
True
Let g be -51*3/(